{"id":782,"date":"2020-06-10T21:53:56","date_gmt":"2020-06-10T21:53:56","guid":{"rendered":"http:\/\/altes-gemeindehaus.de\/familienzentrum\/?page_id=782"},"modified":"2025-11-07T16:43:48","modified_gmt":"2025-11-07T16:43:48","slug":"beratung","status":"publish","type":"page","link":"https:\/\/altes-gemeindehaus.de\/familienzentrum\/beratung\/","title":{"rendered":"Beratung"},"content":{"rendered":"\n<p><strong>Beratung<\/strong><\/p>\n\n\n\n<p>Wir sind bei allen Fragen rund um das Thema Familie f\u00fcr Sie da! <\/p>\n\n\n\n<p>Wir informieren Sie gerne \u00fcber alle Angebote f\u00fcr junge Familien in Dettingen, \u00fcber Kinderbetreuungsm\u00f6glichkeiten und auch bei famili\u00e4ren Herausforderungen und Schwierigkeiten haben wir ein offenes Ohr f\u00fcr Sie.<\/p>\n\n\n\n<p>Wir kooperieren mit verschiedenen Beratungs- und Anlaufstellen in der Region und leiten Sie gerne an entsprechende Hilfestellen weiter. <\/p>\n\n\n\n<p>Wir nehmen uns gerne Zeit, im direkten Kontakt ihre Fragen zu beantworten, um Ihnen ganz individuell weiterzuhelfen. <span style=\"font-size: revert;\"><\/span><\/p>\n","protected":false},"excerpt":{"rendered":"<p>Beratung Wir sind bei allen Fragen rund um das Thema Familie f\u00fcr Sie da! Wir informieren Sie gerne \u00fcber alle Angebote f\u00fcr junge Familien in [&hellip;]<\/p>\n","protected":false},"author":1,"featured_media":0,"parent":0,"menu_order":0,"comment_status":"closed","ping_status":"closed","template":"","meta":{"footnotes":""},"class_list":["post-782","page","type-page","status-publish","hentry"],"_links":{"self":[{"href":"https:\/\/altes-gemeindehaus.de\/familienzentrum\/wp-json\/wp\/v2\/pages\/782","targetHints":{"allow":["GET"]}}],"collection":[{"href":"https:\/\/altes-gemeindehaus.de\/familienzentrum\/wp-json\/wp\/v2\/pages"}],"about":[{"href":"https:\/\/altes-gemeindehaus.de\/familienzentrum\/wp-json\/wp\/v2\/types\/page"}],"author":[{"embeddable":true,"href":"https:\/\/altes-gemeindehaus.de\/familienzentrum\/wp-json\/wp\/v2\/users\/1"}],"replies":[{"embeddable":true,"href":"https:\/\/altes-gemeindehaus.de\/familienzentrum\/wp-json\/wp\/v2\/comments?post=782"}],"version-history":[{"count":8,"href":"https:\/\/altes-gemeindehaus.de\/familienzentrum\/wp-json\/wp\/v2\/pages\/782\/revisions"}],"predecessor-version":[{"id":2049,"href":"https:\/\/altes-gemeindehaus.de\/familienzentrum\/wp-json\/wp\/v2\/pages\/782\/revisions\/2049"}],"wp:attachment":[{"href":"https:\/\/altes-gemeindehaus.de\/familienzentrum\/wp-json\/wp\/v2\/media?parent=782"}],"curies":[{"name":"wp","href":"https:\/\/api.w.org\/{rel}","templated":true}]}}

<p><strong>Beratung</strong></p>



<p>Wir sind bei allen Fragen rund um das Thema Familie für Sie da! </p>



<p>Wir informieren Sie gerne über alle Angebote für junge Familien in Dettingen, über Kinderbetreuungsmöglichkeiten und auch bei familiären Herausforderungen und Schwierigkeiten haben wir ein offenes Ohr für Sie.</p>



<p>Wir kooperieren mit verschiedenen Beratungs- und Anlaufstellen in der Region und leiten Sie gerne an entsprechende Hilfestellen weiter. </p>



<p>Wir nehmen uns gerne Zeit, im direkten Kontakt ihre Fragen zu beantworten, um Ihnen ganz individuell weiterzuhelfen. <span style="font-size: revert;"></span></p>

<p>Beratung Wir sind bei allen Fragen rund um das Thema Familie für Sie da! Wir informieren Sie gerne über alle Angebote für junge Familien in [&hellip;]</p>
